me?
True
Let l(q) = 2*q**3 - 4*q**2 - 3*q - 7. Let m be -2*10/(-4) + -3. Suppose -z - 9 = -0*z - 3*w, m*z = -w + 17. Is l(z) prime?
True
Suppose -505 = -127*y + 126*y. Is y a prime number?
False
Let l = -24 - -27. Suppose -l*z + 1406 = x, x - 2347 = -5*z + 3*x. Is z a composite number?
True
Suppose -2*k + 1404 + 1590 = 0. Let v = 2196 - k. Suppose 0 = -3*j + v - 216. Is j composite?
True
Let w = -246 - -441. Suppose -m - w = -4*m. Suppose 3*l - 2*z - 33 = 2, -m = -4*l - z. Is l a prime number?
False
Suppose -3*g - w = -7249, 4*w = 168*g - 164*g - 9676. Is g prime?
True
Let f(g) = 2*g**2 - 23*g - 201. Is f(56) a composite number?
False
Is ((-2381466)/92)/(-1 + 2/(-4)) prime?
True
Suppose -4*k - 2474 - 44068 = -2*w, 2*k = -5*w + 116343. Is w a composite number?
False
Suppose 0 = -6*v + 988 + 7154. Is v composite?
True
Suppose -4*t + 5*y + 8622 = 0, 9066 = 3*t + 5*y + 2617. Is t prime?
True
Let n(o) = -o**3 + 10*o**2 + 10*o + 13. Let r be n(11). Suppose 5*s - 921 = r*s. Is s a prime number?
True
Let m(l) = -l**3 + 3*l**2 + 3*l - 4. Let q = -11 + 14. Let z be m(q). Suppose 5*p = -z*i + 630, -6*p + 20 = -2*p. Is i a composite number?
True
Suppose 3*n = -2*n + 25. Suppose -2*w = -0*w - 5*r - 426, n*r + 203 = w. Is w prime?
True
Let o(n) = 0*n**2 - 3*n**2 + 431*n**3 + 6*n**2 - 2*n - 2*n**2. Let i be o(1). Suppose -5*q + i = 145. Is q prime?
False
Let m(a) = -64*a - 3. Suppose -5 = 11*z - 10*z. Is m(z) prime?
True
Let j = -148521 - -214412. Is j a prime number?
False
Let g(w) = 13*w**2 + 15*w + 15. Let r be g(-1). Let x(d) = -2*d + 18. Let z(u) = -3*u + 36. Let j(q) = -5*x(q) + 3*z(q). Is j(r) composite?
False
Suppose 706*m - 712*m = -44862. Is m a prime number?
True
Let h(g) = 356*g**2 - 15*g - 178. Is h(-7) a prime number?
False
Let d(f) = -39*f**3 - 2*f**2 + 17*f + 7. Is d(-6) a composite number?
True
Let u = -272 - -1005. Is u prime?
True
Let h = 13 + -19. Let b be (-8)/h*(-1395)/(-6). Suppose b = 2*k - 72. Is k a composite number?
False
Suppose -17*d + 13*d + 16 = 0. Suppose -2*p + 5*p = 27. Suppose h + 618 = d*h + 3*b, -3*b + p = 0. Is h composite?
True
Let k be (30/9)/((-2)/(-3)). Suppose k*q - 3*w = -2925, -8*q + w - 2333 = -4*q. Is (q/4)/(3/(-6)) a prime number?
False
Let g(o) be the third derivative of o**6/120 + o**5/15 + o**4/4 - o**3/3 - 3*o**2 + 2. Suppose 3*f - 7*f = -20. Is g(f) prime?
False
Let j be 3/(2/(-6)*-3). Suppose 0 = -2*x + j*r - 4 - 0, -3 = x - 2*r. Is (x - (-2 - 88)) + 0 composite?
True
Let n be (-23)/4 - 5/20. Let k be (-135)/18*4/n. Suppose 3*z - 65 = h + 225, 102 = z + k*h. Is z a prime number?
True
Let s = 15496 + -1585. Is s composite?
True
Is ((-11599)/(-49))/((-3)/(-21)) a composite number?
False
Suppose 0 = -3*s + 2*j + 32815, 3*s - j - 41886 = -9073. Is s prime?
True
Suppose -13*j = -484560 + 40961. Is j prime?
True
Let a = -15 + 15. Suppose -6*v + 3932 + 682 = a. Is v a prime number?
True
Let q(u) = -u**3 - 4*u**2 - 4*u - 4. Let c be q(-2). Is -93*28/(-12) - c a prime number?
False
Suppose 4*l = -2*n + 2442, -n = 3*n + 4*l - 4872. Suppose -3*g + h + 2362 = 0, -353 = -2*g + 2*h + n. Is g prime?
False
Is (-3)/(2 - (-50084)/(-25036)) a prime number?
False
Let s(n) = 15*n**2 + 2*n + 13. Suppose 20 = 2*p - 0*p - 4*t, 3*p = -2*t + 62. Let d = p + -24. Is s(d) prime?
True
Let k = -315 - -390. Let b(n) = 42*n**2 - 3*n. Let s be b(2). Let y = s + k. Is y composite?
True
Let x(l) = 5*l**2 - 11*l - 5. Suppose 0 = d + d + 5*g - 1, d - 3*g - 28 = 0. Is x(d) a prime number?
False
Suppose 2*y - 40 = -2*y. Suppose -2*f = 8, 3 - y = -5*c - 2*f. Is 14/c*(-87)/(-2) composite?
True
Let p = 740 + 1438. Let l = 3134 - p. Suppose -s = -5*s + l. Is s composite?
False
Suppose -3*y = 5*p - 6*p - 8715, -y = 2*p - 2912. Suppose q - 5615 = y. Suppose -5*h - 1116 = -q. Is h a composite number?
False
Suppose -33140 = -12*z + 29368. Is z a prime number?
True
Let p = -5970 - -10861. Is p composite?
True
Suppose -2*c + 6*c - 16 = 0, 3946 = 5*q + 4*c. Suppose -5*g = -2*g - q. Is g a composite number?
True
Let p(k) = -k**3 - 2*k**2 - 4*k - 51. Is p(-14) composite?
False
Let f(b) be the third derivative of b**5/30 + 35*b**4/24 + b**3/3 - 26*b**2. Is f(-25) a prime number?
False
Let a(u) = 8*u**2 - 22*u + 43*u - 22*u - 4. Is a(3) prime?
False
Let y(j) = 5382*j**3 + j**2 - 2. Is y(1) prime?
True
Let n(f) = 6*f**2 - f + 4. Let a be n(-4). Let j = a + -25. Is j composite?
False
Is ((-146826)/(-108))/(0 - 2/(-4)) a composite number?
False
Suppose 4*s = -3*z + 17, 0*s = z - 3*s - 23. Is 187/z*(11 + 0) a composite number?
True
Let a(b) = 29*b - 6. Let u = -4 + 12. Is a(u) a prime number?
False
Let u(z) = 123*z**2 - 88*z - 10. Is u(7) a prime number?
False
Let q(n) = 24*n**3 + 7*n**2 - 7*n + 1. Is q(7) composite?
False
Let k = -39 + 44. Let i(s) = -s**3 - 6*s**2 - 4*s + 7. Let n be i(-5). Suppose -68 = -b - u + 4*u, -n*b + 131 = -k*u. Is b a prime number?
True
Suppose 13079 = 4*y - 4*g - 12705, 0 = -3*y + 2*g + 19335. Is y a prime number?
False
Let o(l) = 17224*l + 461. Is o(3) a composite number?
True
Let g be (-15)/(-45) + (-23)/(-3). Suppose 7*c + 53 = g*c. Is c a composite number?
False
Let l(k) = -71*k - 7. Let z = -19 - -13. Is l(z) a prime number?
True
Suppose -34*n + 39*n = 15. Suppose -5*d + 6770 = -n*d. Is d a composite number?
True
Let o(c) be the third derivative of 0*c + 3*c**2 + 0 - 7/6*c**3 - 1/6*c**4 + 1/60*c**5. Is o(10) a prime number?
True
Suppose -l = 5 - 1. Let h(o) = -o**3 - 9 + 7 - 47*o**2 + 43*o**2 - 6*o. Is h(l) a prime number?
False
Let j(i) = -6*i**2 + 4*i + 3*i**2 + 4*i**2 - 10. Let q(a) = 2*a**2 + 9*a - 19. Let t(o) = -5*j(o) + 3*q(o). Is t(-11) a prime number?
True
Suppose -2*q + 4*l = -11580, l - 5748 = 5*q - 34716. Is q a composite number?
True
Suppose -5*i + i = 2*r - 2146, 4*i = -r + 1077. Is r prime?
True
Let v = -91 + 523. Suppose 5*r = v + 1003. Is r prime?
False
Let l = 1730 + -881. Let i = l + -526. Is i prime?
False
Let r(j) = 2*j**2 - 10*j + 7 - 8*j + 11*j. Is r(-6) a prime number?
False
Let f(w) = 43*w**2 - 66*w + 8. Is f(21) prime?
False
Let c be 0*1/4 + 39. Let z = c + -39. Suppose -5*b - 3*i + 2521 + 199 = z, 2*i = 10. Is b composite?
False
Suppose -5*x = -15, -3*x = -4*l + 16050 - 6071. Is l composite?
True
Is 1228*63/72*2 a prime number?
False
Let o(f) = 9*f - 9. Let y be o(5). Let m = -51 + y. Is (131/(-3))/(5/m) composite?
False
Let p(o) = 2*o**3 - 5*o**2 - 4*o + 6. Let j(y) = -6 + 11 - 2*y + 6 + y. Let u be j(7). Is p(u) a composite number?
True
Let n = -105 - -168. Let z = -15 - n. Let x = 221 + z. Is x composite?
True
Suppose 2*t = 4*s + 2824, 27 = -3*t + 4*s + 4261. Suppose -2*f + 2*m = -6*f + t, -3*f + 1060 = m. Is f a composite number?
True
Let r(q) = 66*q**2 - 21*q + 161. Is r(12) composite?
False
Let n = 20465 - 8872. Is n composite?
False
Suppose 3*w - 2*m = 66, w + w + 5*m - 44 = 0. Let y = 71 - w. Suppose 61 + y = 5*d. Is d prime?
False
Let t be (3 + -2)*(184 - -1). Let z = -114 + t. Is z composite?
False
Let x(n) = n - 6. Let d(i) = 2*i + 3. Let t be d(3). Let y be x(t). Suppose 2*a = y*r + 443, 5*r + 10 = -5. Is a prime?
False
Let j be (-3)/(-2) + 2/4. Suppose 6*h - 10*h + 8 = 0. Suppose h*g - 146 = 4*w, -2*w = j*g - 4*w - 152. Is g composite?
False
Let u(x) = -70*x - 1. Let r(y) = -y - 3. Let m be r(-6). Let n(w) = -w**3 + 4*w**2 - 2*w - 4. Let z be n(m). Is u(z) prime?
False
Let k(g) = 38*g + 9. Suppose 0 = -5*w + 5*a + 70, -4*a + 15 = 3*w - 27. Is k(w) a prime number?
True
Suppose p - 4*p + 6 = 0, -2*a - 3*p = -10. Suppose 3*o + 0*c + 2*c = 1355, -8 = -a*c. Is o composite?
False
Let m(q) = -q**3 - 3*q**2 - 2*q. Let y be m(-3). Let i be (-5)/(-3)*(y + -3). Is 219 - (i - (-9)/(-3)) a prime number?
False
Let b(p) = -p**3 - 39*p**2 + 54*p + 233. Is b(-45) composite?
True
Let b = -30 - -46. Is 1 - (0 + b/4) - -634 composite?
False
Suppose -6 = -5*g + 9. Suppose -3 = -g*j + 3. Suppose -j*x = -8, -4*q + 5*x - 359 = -5*q. Is q a composite number?
True
Is ((-22)/4)/((-1)/2026 - 0) prime?
False
Suppose 4*k = -m + 5*m - 64, -m + 28 = 2*k. Suppose -m = -3*i - i. Suppose -i*t - 58 = -168. Is t prime?
False
Is (-21)/21 + (-3)/(6/(-8278)) a prime number?
False
Suppose 7*p = -4*p + 3*p. Is (9 - 10)*(-1283 - p/2) a composite number?
False
Let a(d) be the second derivative of -d**5/20 + 4*d**4/3 + 5*d**3/3 